base 8
-330051
20421031 (base 6) to base 16
90f8b
-19c6b7a (base 14) to base 4
-301001020020
-a373 (base 12) to base 13
-8142
-104964 (base 11) to base 4
-220321232
Convert -5445024 (base 6) to base 5.
-32130124
What is -70775 (base 8) in base 2?
-111000111111101
Convert 1820214 (base 9) to base 13.
297c6a
What is 75850 (base 12) in base 14?
406ba
Convert -2131230011 (base 4) to base 3.
-1012210222222
Convert 9766d (base 15) to base 8.
1652677
Convert -7d920c (base 14) to base 4.
-100113023330
43005223 (base 6) to base 13
351ba9
-35521431 (base 6) to base 16
-11033b
Convert -1045205 (base 8) to base 4.
-1010222011
Convert -1cda1b (base 16) to base 5.
-441001333
What is -230166 (base 8) in base 12?
-39132
What is 2534624 (base 7) in base 3?
121200020022
What is a49a1 (base 15) in base 3?
222111221121
What is 12d03 (base 14) in base 13?
181b6
What is 50d01f (base 16) in base 6?
305303131
-1715175 (base 8) to base 11
-310421
Convert -6663753 (base 11) to base 9.
-23884438
1153254224 (base 6) to base 13
29b4a31
What is -f7b1 (base 16) in base 12?
-30841
What is 2dbc18 (base 15) in base 3?
11011121202212
What is -1040201031 (base 5) in base 12?
-9169a8
-3421114 (base 6) to base 12
-8479a
-11252252 (base 8) to base 9
-4537870
Convert 548877 (base 11) to base 2.
11010101101111111111
3242304313 (base 5) to base 16
6ab99d
8a906a (base 15) to base 9
13386521
Convert 22320200 (base 4) to base 8.
127040
What is -213666 (base 8) in base 3?
-10122020002
-1024b1 (base 14) to base 3
-1000122120110
What is -41b9c (base 14) in base 5?
-20034302
Convert -2162153 (base 7) to base 8.
-1012024
6299959 (base 10) to base 14
b9dc91
What is 27463 (base 8) in base 6?
131535
440866 (base 9) to base 5
31410043
561640 (base 7) to base 6
2042454
Convert 3104434224 (base 5) to base 4.
120020302033
a41777 (base 11) to base 4
12120002220
12222042 (base 5) to base 3
12221200210
1252555 (base 7) to base 13
599aa
What is -56078 (base 11) in base 10?
-81276
What is 21220012101 (base 3) in base 14?
408d8
What is -2000022121012 (base 3) in base 12?
-43687b
What is 15ba63 (base 13) in base 12?
220630
-22022100201111 (base 3) to base 7
-52351603
-29223 (base 10) to base 4
-13020213
What is 10100011000001111000111 (base 2) in base 14?
9d0bc3
Convert -354d8 (base 15) to base 8.
-513575
Convert 85364a (base 12) to base 8.
10006332
Convert -16b18 (base 13) to base 5.
-2343443
What is -5d5cb (base 15) in base 13?
-a5a25
What is 20112200010 (base 3) in base 5?
13110133
-33414341 (base 6) to base 9
-1813727
Convert 14111314 (base 5) to base 3.
21100022222
What is -2200100102 (base 4) in base 7?
-5402465
What is 666503 (base 9) in base 7?
3246432
Convert -140255410 (base 6) to base 2.
-1010110001000111011110
115512314 (base 6) to base 7
24661555
Convert 713117 (base 8) to base 11.
150696
Convert 4040324230 (base 5) to base 15.
aaaaca
49a38b (base 16) to base 2
10010011010001110001011
-94c9c (base 15) to base 14
-c4004
Convert 22011112211 (base 3) to base 8.
472014
What is 111010212210100 (base 3) in base 2?
11010101001010110100101
What is 1311313111 (base 4) in base 14?
c7d1b
Convert 11010010001101110001 (base 2) to base 8.
3221561
What is -1b981b9 (base 12) in base 10?
-5923869
947474 (base 10) to base 13
272348
Convert -13626011 (base 7) to base 10.
-1284200
What is c42a3 (base 14) in base 3?
220000011010
Convert 50778 (base 13) to base 14.
3a71d
-10112010202110 (base 3) to base 8
-7111360
-4502d (base 15) to base 5
-24010133
Convert 560526 (base 7) to base 8.
300622
Convert -11414320 (base 6) to base 4.
-1113320220
Convert -471865 (base 11) to base 13.
-202c41
What is 439444 (base 11) in base 15?
dc8e3
What is -bc233b (base 16) in base 12?
-4167363
What is -131901 (base 11) in base 12?
-a002b
4913b1 (base 14) to base 13
697203
What is -101011011100111000111001 (base 2) in base 16?
-adce39
Convert 3200030210 (base 4) to base 16.
e0324
Convert -111000010001010110 (base 2) to base 16.
-38456
-146536134 (base 7) to base 2
-100101100110110010111101
655556 (base 7) to base 10
114848
What is 1110111110000000010 (base 2) in base 14?
caa78
What is -2a4610 (base 11) in base 6?
-14101033
What is -314015424 (base 6) in base 8?
-25005550
165617 (base 16) to base 13
3c3395
What is 3967b96 (base 12) in base 6?
1042543510
Convert 10211012221212 (base 3) to base 5.
1010003232
Convert 101023342 (base 5) to base 6.
12424432
-1134652 (base 7) to base 4
-203000002
4143434 (base 9) to base 2
1000011100011011011111
110111000110110100100 (base 2) to base 8
6706644
What is 34225377 (base 8) in base 3?
111221210121222
-11627384 (base 9) to base 13
-1241848
What is -1111000111110110010 (base 2) in base 10?
-495538
What is -fdef (base 16) in base 12?
-31753
What is -18917 (base 11) in base 2?
-110011100011100
11312211123 (base 4) to base 9
2787586
What is 111000111001111011101 (base 2) in base 7?
21564232
-1031022113 (base 4) to base 8
-1151227
What is -262194 (base 10) in base 2?
-1000000000000110010
Convert -177550 (base 10) to base 12.
-868ba
What is -115201530 (base 7) in base 8?
-33403474
-1005454 (base 6) to base 2
-1011101100101010
-17562131 (base 8) to base 10
-4121689
Convert 2140b92 (base 12) to base 2.
11000000011011010011110
-1140405551 (base 6) to base 7
-214504612
b523 (base 12) to base 8
46453
-110010001101000010 (base 2) to base 10
-205634
-1100343141 (base 5) to base 16
-23f34e
What is 2c8c98 (base 16) in base 10?
2919576
Convert 25a2013 (base 12) to base 16.
71538f
11011151 (base 6) to base 2
1010000000111101011
Convert 50400 (base 10) to base 12.
25200
What is -11120101102 (base 4) in base 13?
-3a4ac7
Convert 11110100100011001100 (base 2) to base 8.
3644314
Convert -37427 (base 13) to base 10.
-101771
What is 412242 (base 5) in base 4?
3102013
What is -28a731 (base 14) in base 15?
-1cd4c1
11011021 (base 3) to base 2
101111010111
Convert -112214 (base 5) to base 13.
-1b03
Convert -112220202221 (base 4) to base 7.
-101301014
-1002114244 (base 5) to base 4
-13211201123
100052444 (base 6) to base 10
1686700
Convert 67a2b8 (base 12) to base 3.
10010010101212
What is 33242 (base 11) in base 13?
18c30
What is 14356243 (base 7) in base 6?
45042304
9a9098 (base 12) to base 4
21121030310
-1101010010001101 (base 2) to base 12
-275a5
What is -21031311212 (base 4) in base 15?
-32ac9e
-3112132011 (base 5) to base 14
-bb9687
13a8a92 (base 13) to base 15
83588d
-1369837 (base 11) to base 8
-10770533
121b5c (base 15) to base 8
3234402
What is 33474 (base 11) in base 5?
3022411
What is -1323ad (base 14) in base 2?
-10100000111101100101
301213112113 (base 4) to base 8
61472627
1353426 (base 7) to base 8
542110
Convert 2515021 (base 9) to base 15.
1c0687
Convert -101000110010010001010011 (base 2) to base 9.
-22105180
What is -430105 (base 6) in base 12?
-18335
Convert 988110 (base 11) to base 9.
2863660
Convert 27387 (base 12) to base 7.
313510
-536581 (base 9) to base 16
-4e124
What is -2676762 (base 9) in base 13?
-3c52ca
What is -1380382 (base 10) in base 6?
-45330354
What is 51682 (base 14) in base 11?
124386
-11421501 (base 8) to base 10
-2499393
What is 1101010111111000001 (base 2) in base 10?
438209
52136510 (base 7) to base 12
1572405
Convert -1b5398a (base 12) to base 9.
-11870827
-1120316 (base 7) to base 5
-13430133
-d5e2 (base 15) to base 3
-2022000112
7340115 (base 8) to base 11
1111991
1233a0 (base 13) to base 7
3463045
282367 (base 10) to base 15
589e7
What is 120405063 (base 7) in base 2?
11100100010011000101011
Convert 111033320 (base 4) to base 3.
11102101102
Convert 2471260 (base 9) to base 13.
381828
What is -27114b (base 12) in base 13?
-19760c
-41322124 (base 6) to base 4
-10203031210
-10212033021 (base 4) to base 6
-41455333
Convert -30d4c6 (base 14) to base 10.
-1650102
-100130321 (base 4) to base 5
-4124020
7608b8 (base 14) to base 15
53e464
Convert -21033053 (base 6) to base 5.
-124023342
What is 96820 (base 11) in base 9?
234053
-12238828 (base 9) to base 15
-7d4cc8
-4412019 (base 10) to base 4
-100311021303
-92a1a6 (base 11) to base 5
-340223123
31141353 (base 6) to base 2
11011011101011000101
332521 (base 7) to base 11
40006
164418a (base 12) to base 9
8533537
What is -5236302 (base 7) in base 14?
-1260a9
What is -734ac (base 14) in base 5?
-32344310
Convert -715a71 (base 12) to base 